{"id":9660,"date":"2023-05-11T09:08:43","date_gmt":"2023-05-11T09:08:43","guid":{"rendered":"https:\/\/hiss-nekretnine.hr\/?page_id=9660"},"modified":"2023-12-21T12:29:14","modified_gmt":"2023-12-21T11:29:14","slug":"najam-kuce","status":"publish","type":"page","link":"https:\/\/www.hiss-nekretnine.hr\/pocetna\/najam-kuce\/","title":{"rendered":"Najam ku\u0107e"},"content":{"rendered":"\t\t<div data-elementor-type=\"wp-page\" data-elementor-id=\"9660\" class=\"elementor elementor-9660\">\n\t\t\t\t\t\t\t<div class=\"elementor-element elementor-element-6018c1e e-flex e-con-boxed e-con e-parent\" data-id=\"6018c1e\" data-element_type=\"container\" data-settings=\"{&quot;content_width&quot;:&quot;boxed&quot;}\" data-core-v316-plus=\"true\">\n\t\t\t\t\t<div class=\"e-con-inner\">\n\t\t\t\t<div class=\"elementor-element elementor-element-a1aed76 elementor-widget elementor-widget-spacer\" data-id=\"a1aed76\" data-element_type=\"widget\" data-widget_type=\"spacer.default\">\n\t\t\t\t<div class=\"elementor-widget-container\">\n\t\t\t<style>\/*! elementor - v3.18.0 - 20-12-2023 *\/\n.elementor-column .elementor-spacer-inner{height:var(--spacer-size)}.e-con{--container-widget-width:100%}.e-con-inner>.elementor-widget-spacer,.e-con>.elementor-widget-spacer{width:var(--container-widget-width,var(--spacer-size));--align-self:var(--container-widget-align-self,initial);--flex-shrink:0}.e-con-inner>.elementor-widget-spacer>.elementor-widget-container,.e-con>.elementor-widget-spacer>.elementor-widget-container{height:100%;width:100%}.e-con-inner>.elementor-widget-spacer>.elementor-widget-container>.elementor-spacer,.e-con>.elementor-widget-spacer>.elementor-widget-container>.elementor-spacer{height:100%}.e-con-inner>.elementor-widget-spacer>.elementor-widget-container>.elementor-spacer>.elementor-spacer-inner,.e-con>.elementor-widget-spacer>.elementor-widget-container>.elementor-spacer>.elementor-spacer-inner{height:var(--container-widget-height,var(--spacer-size))}.e-con-inner>.elementor-widget-spacer.elementor-widget-empty,.e-con>.elementor-widget-spacer.elementor-widget-empty{position:relative;min-height:22px;min-width:22px}.e-con-inner>.elementor-widget-spacer.elementor-widget-empty .elementor-widget-empty-icon,.e-con>.elementor-widget-spacer.elementor-widget-empty .elementor-widget-empty-icon{position:absolute;top:0;bottom:0;left:0;right:0;margin:auto;padding:0;width:22px;height:22px}<\/style>\t\t<div class=\"elementor-spacer\">\n\t\t\t<div class=\"elementor-spacer-inner\"><\/div>\n\t\t<\/div>\n\t\t\t\t<\/div>\n\t\t\t\t<\/div>\n\t\t\t\t\t<\/div>\n\t\t\t\t<\/div>\n\t\t\t\t\t\t\t<\/div>\n\t\t\n    <div v-cloak id=\"ulisting-inventory-list\">\n\t    \n<div class=\" ulisting_element_660_1551788156930 ulisting_element_660_1551788156930\" >\n    <div class=\"container \">\n        \n<div class=\" stm-row  ulisting_element_320_1551788156930\">\n\n<div class=\" stm-col  stm-col-xl-0 stm-col-lg-0 stm-col-md-0 stm-col-sm-0 stm-col-0 ulisting_element_920_1551788156931\" >\n\t<div class=\" stm-row ulisting_element_920_1551788158280\">\t\n<div class=\" stm-col  stm-col-xl-9 stm-col-lg-8 stm-col-md-12 stm-col-sm-12 stm-col-12 ulisting_element_240_1551788161787\" >\n\t<div class='inventory-title_style_1'><div class=\" ulisting_element_320_1695720399754\" > <h2>Najam ku\u0107e<\/h2> <\/div><\/div>\n\n\n\n<\/div>\n\n<div class=\" stm-col  stm-col-xl-3 stm-col-lg-4 stm-col-md-12 stm-col-sm-12 stm-col-12 ulisting_element_560_1551788158280\" >\n\t<div class='inventory-sort_style_1 homepress_sort_preloader preloader_show'><div class=\" ulisting_element_720_1551788174945\" >\n\t\t\t\t\t<stm-listing-order inline-template\n\t\t\t\t\t\t\t\t\t\tv-on:set-order=\"set_order\"\n\t\t\t\t\t\t\t\t       :listing_order=\"listing_order_data?.listing_order\"\n\t\t\t\t\t\t\t\t       :order_by_default=\"listing_order_data?.order_by_default\"\n\t\t\t\t\t\t\t\t       :view_type=\"listing_order_data?.view_type\">\n\t\t\t\t\t\t\t\t\t\t<div> <ul data-v-if=\"view_type=='list'\" class=\"list-inline\">\n\t\t\t<li class=\"list-inline-item\" data-v-for=\" (item, key)  in listing_order\">\n\t\t\t\t<span style=\"cursor: pointer\" data-v-on_click=\"selected=item.id; change()\">{{item.label}}<\/span>\n\t\t\t<\/li>\n\t\t <\/ul> <ulisting-select2 v-if=\"selected && view_type=='dropdowns'\" data-v-bind_options=\"listing_order\" v-model=\"selected\" text=\"label\" theme=\"bootstrap4\" autoclear='false'><\/ulisting-select2> <\/div>\n\t\t\t\t\t<\/stm-listing-order>\n\t\t\t\t<\/div><\/div><\/div>\n<\/div>\n<div class=\" stm-row ulisting_element_650_1551850820620\">\t\n<div class=\"z-index-11 stm-col  stm-col-xl-9 stm-col-lg-12 stm-col-md-12 stm-col-sm-12 stm-col-12 ulisting_element_620_1551850825876\" >\n\t<div class=\" ulisting_element_720_1551852892079\" >\n\t<\/div>\n\n<div class=\" ulisting_element_480_1551788216129\"> <div data-v-bind_class=\"{'ulisting-preloader':preloader}\" id=\"stm-listing-list-panel\">  <div class='stm-row'><\/div><h3 class='uListing-no-results uListing-no-lists' data-v-if='count === 0'>No Results Found<\/h3> <\/div> <\/div>\n<div class='stm-listing-pagination_style_2'><div class=\" stm-listing-pagination ulisting_element_590_1559802266847\" ><stm-listing-pagination\n\t\t\t\t\tprev=\"Prev\"\n\t\t\t\t\tnext=\"Next\"\n\t\t\t\t\t:url=\"url\"\n\t\t\t\t\t:page=\"paginate.page\"\n\t\t\t\t\tv-on:url-update=\"set_url\"\n\t\t\t\t\tv-on:pagination-update=\"pagination_update\"\n\t\t\t\t\t:page_count=\"paginate.pageCount\">\n\t\t\t\t<\/stm-listing-pagination><\/div><\/div>\n\n\n\n<\/div>\n\n<div class=\" stm-col  stm-col-xl-3 stm-col-lg-12 stm-col-md-12 stm-col-sm-12 stm-col-12 ulisting_element_330_1551850820620\" >\n\t<div class='inventory-filter_box_wrap'><div class='inventory-filter_box inventory-filter_style_3'><div class=\" ulisting_element_560_1551788213229 ulisting_element_560_1551788213229\">\n\n\t\t\t<stm-search-form-advanced\n\t\t\t\tref=\"filter\"\n\t\t\t\tclass=\"ulisting-form\"\n\t\t\t\tinline-template\n\t\t\t\tdata-v-on_url-update=\"set_url\"\n\t\t\t\tdata-v-on_location-update=\"location_update\"\n\t\t\t\tdata-v-on_exists-filter=\"exists_filter\"\n\t\t\t\tdata-v-bind_show=\"filter.show\"\n\t\t\t\tdata-v-bind_url=\"url\"\n\t\t\t\tdata-v-bind_listing_type_id=\"listing_type_id\"\n\t\t\t\tdata-v-bind_search_form_type=\"search_form_type\"\n\t\t\t\tdata-v-bind_data=\"filter.field_data\"\n\t\t\t\tdata-v-bind_field_type=\"filter.field_type\"\n\t\t\t\tdata-v-bind_field_show=\"field_show\"\n\t\t\t\tdata-v-bind_search_fields=\"filter.search_fields\">\n\t\t\t\t\t\n\t\t\t\t\t<div data-v-bind_class=\"{filter_close:show_filter}\" class=\"mobile-filter-box homepress_loading_preloader preloader_show\">\n\t\t\t\t\t \t<div class=\"preloader_text\">Loading<\/div>\n\t\t\t\t\t\t<div data-v-if=\"show\" class=\"container inventory-filter_attribute_box_wrap\">\n\t\t\t\t\t\t\t<div class='inventory-filter_attribute_box'><div class='inventory-filter_attribute'><div class=\"inventory-location-filter-wrap\">\n    <div class=\"container\">\n        <div v-bind:class=\"{filter_enabled:!field_show['location']}\" class='drop-box-label'><div data-v-on_click=\"field_show['location'] = !field_show['location'] \" class='drop-box-label-item'>Lokacija<span class='mobile-filter-button'><\/span><\/div><\/div><div data-v-if=field_show['location'] class='inventory-filter-attr-drop'><div class='drop-box'>\n                    <stm-field-osm-location inline-template\n                data-v-bind_map=\"map\"\n                data-v-bind_icon_url=\"icon_url\"\n                data-v-bind_key=\"generateRandomId()\"\n                data-v-bind_id=\"'field_location_'+generateRandomId()\"\n                data-v-model='data.location'\n                data-v-bind_callback_change='change'\n                placeholder=\"Vara\u017edin\"\n                attribute_name='location'\n                access_token=\"\">\n                <div class=\"inventory-location-filter\">\n                    <div class=\"inventory-location-field stm-ulisitng-location-field-wrapper\">\n                        <input class=\"form-control\" data-v-bind_id=\"id\" data-v-bind_placeholder='placeholder' data-v-model='value.address' type='text'>\n                        <span @click=\"findMyLocation\" class=\"stm-find-my-location\"><\/span>\n                    <\/div>\n                    <div class=\"inventory-location-tooltip-wrap\">\n                        <div class=\"inventory-location-tooltip\">\n                            First choose location                        <\/div>\n                    <\/div>\n                <\/div>\n            <\/stm-field-osm-location>\n        \n        <\/div><\/div>    <\/div>\n<\/div>\n\n<\/div><\/div><div class='inventory-filter_attribute_box'><div class='inventory-filter_attribute'>    <stm-field-range inline-template\n                     data-v-bind_key=\"generateRandomId()\"\n                     data-v-model='data.cijena_mjesecnog_najma'\n                     data-v-bind_callback_change='change'\n                     prefix=''\n                     suffix='\u20ac'\n                     min='0'\n                     max=''>\n        <div class=\"inventory-range-filter\">\n            <div class=\"container\">\n                <div v-bind:class=\"{filter_enabled:!field_show['cijena_mjesecnog_najma']}\" class='drop-box-label'><div data-v-on_click=\"field_show['cijena_mjesecnog_najma'] = !field_show['cijena_mjesecnog_najma'] \" class='drop-box-label-item'>Cijena mjese\u010dnog najma<span class='mobile-filter-button'><\/span><\/div><\/div><div data-v-if=field_show['cijena_mjesecnog_najma'] class='inventory-filter-attr-drop'><div class='drop-box'>\n                <div class=\"filter-range-fields\">\n                    <input type=\"text\" data-v-model=\"from\" data-v-on_change=\"setValue(from+';'+to)\"\n                           data-v-on_keyup=\"setValue(from+';'+to)\">\n                    <input type=\"text\" data-v-model=\"to\" data-v-on_change=\"setValue(from+';'+to)\"\n                           data-v-on_keyup=\"setValue(from+';'+to)\">\n                <\/div>\n\n                <vue-range-slider data-v-bind_min=\"min\"\n                                  data-v-bind_max=\"max\"\n                                  data-v-bind_from=\"cloneFrom\"\n                                  data-v-bind_to=\"cloneTo\"\n                                  type=\"double\"\n                                  data-v-bind_prefix=\"prefix\"\n                                  data-v-bind_postfix=\"suffix\"\n                                  data-v-on_callback='updateValue'\n                                  data-v-bind_key=\"generateRandomId()\">\n                <\/vue-range-slider>\n\n                <\/div><\/div>            <\/div>\n        <\/div>\n    <\/stm-field-range>\n<\/div><\/div><div class='inventory-filter_attribute_box'><div class='inventory-filter_attribute'>    <stm-field-range inline-template\n                     data-v-bind_key=\"generateRandomId()\"\n                     data-v-model='data.stambena_povrsina'\n                     data-v-bind_callback_change='change'\n                     prefix=''\n                     suffix='m\u00b2'\n                     min='0'\n                     max=''>\n        <div class=\"inventory-range-filter\">\n            <div class=\"container\">\n                <div v-bind:class=\"{filter_enabled:!field_show['stambena_povrsina']}\" class='drop-box-label'><div data-v-on_click=\"field_show['stambena_povrsina'] = !field_show['stambena_povrsina'] \" class='drop-box-label-item'>Stambena povr\u0161ina (u m\u00b2)<span class='mobile-filter-button'><\/span><\/div><\/div><div data-v-if=field_show['stambena_povrsina'] class='inventory-filter-attr-drop'><div class='drop-box'>\n                <div class=\"filter-range-fields\">\n                    <input type=\"text\" data-v-model=\"from\" data-v-on_change=\"setValue(from+';'+to)\"\n                           data-v-on_keyup=\"setValue(from+';'+to)\">\n                    <input type=\"text\" data-v-model=\"to\" data-v-on_change=\"setValue(from+';'+to)\"\n                           data-v-on_keyup=\"setValue(from+';'+to)\">\n                <\/div>\n\n                <vue-range-slider data-v-bind_min=\"min\"\n                                  data-v-bind_max=\"max\"\n                                  data-v-bind_from=\"cloneFrom\"\n                                  data-v-bind_to=\"cloneTo\"\n                                  type=\"double\"\n                                  data-v-bind_prefix=\"prefix\"\n                                  data-v-bind_postfix=\"suffix\"\n                                  data-v-on_callback='updateValue'\n                                  data-v-bind_key=\"generateRandomId()\">\n                <\/vue-range-slider>\n\n                <\/div><\/div>            <\/div>\n        <\/div>\n    <\/stm-field-range>\n<\/div><\/div><div class='inventory-filter_attribute_box'><div class='inventory-filter_attribute'>    <stm-field-checkbox inline-template\n                        data-v-bind_key=\"generateRandomId()\"\n                        data-v-model='data.tip_kuce'\n                        order_by='name'\n                        order='ASC'\n                        data-v-bind_callback_change='change'\n                        data-v-bind_items='data.attribute_items.tip_kuce'\n                        data-v-bind_hide_empty='\"false\"'\n                        >        <div class=\"inventory-checkbox-filter drop-size-1\">\n            <div class=\"container\">\n                <div v-bind:class=\"{filter_enabled:!field_show['tip_kuce']}\" class='drop-box-label'><div data-v-on_click=\"field_show['tip_kuce'] = !field_show['tip_kuce'] \" class='drop-box-label-item'>Tip ku\u0107e<span class='mobile-filter-button'><\/span><\/div><\/div><div data-v-if=field_show['tip_kuce'] class='inventory-filter-attr-drop'><div class='drop-box'>                <div class=\"stm-row\">\n                    <div class='homepress-checkbox stm-col-12 checkbox-inpit'\n                         data-v-for='(item, index) in list'>\n                        <label>\n                            <input data-v-on_change='updateValue' type='checkbox' data-v-bind_value='item.value'\n                                   data-v-model='value'>\n                            {{parser(item.name)}} <span> ({{typeof item.count === 'object' ? item.count[active_tab] : item.count}})<\/span>\n                            <span class=\"checkbox-frame\"><i class=\"fa fas fa-check\"><\/i><\/span>\n                        <\/label>\n                    <\/div>\n                <\/div>\n                <\/div><\/div>            <\/div>\n        <\/div>\n\n    <\/stm-field-checkbox>\n<\/div><\/div><div class='inventory-filter_attribute_box'><div class='inventory-filter_attribute'>    <stm-field-checkbox inline-template\n                        data-v-bind_key=\"generateRandomId()\"\n                        data-v-model='data.broj_etaza'\n                        order_by='name'\n                        order='ASC'\n                        data-v-bind_callback_change='change'\n                        data-v-bind_items='data.attribute_items.broj_etaza'\n                        data-v-bind_hide_empty='\"false\"'\n                        >        <div class=\"inventory-checkbox-filter drop-size-1\">\n            <div class=\"container\">\n                <div v-bind:class=\"{filter_enabled:!field_show['broj_etaza']}\" class='drop-box-label'><div data-v-on_click=\"field_show['broj_etaza'] = !field_show['broj_etaza'] \" class='drop-box-label-item'>Broj eta\u017ea<span class='mobile-filter-button'><\/span><\/div><\/div><div data-v-if=field_show['broj_etaza'] class='inventory-filter-attr-drop'><div class='drop-box'>                <div class=\"stm-row\">\n                    <div class='homepress-checkbox stm-col-12 checkbox-inpit'\n                         data-v-for='(item, index) in list'>\n                        <label>\n                            <input data-v-on_change='updateValue' type='checkbox' data-v-bind_value='item.value'\n                                   data-v-model='value'>\n                            {{parser(item.name)}} <span> ({{typeof item.count === 'object' ? item.count[active_tab] : item.count}})<\/span>\n                            <span class=\"checkbox-frame\"><i class=\"fa fas fa-check\"><\/i><\/span>\n                        <\/label>\n                    <\/div>\n                <\/div>\n                <\/div><\/div>            <\/div>\n        <\/div>\n\n    <\/stm-field-checkbox>\n<\/div><\/div><div class='inventory-filter_attribute_box'><div class='inventory-filter_attribute'>    <stm-field-checkbox inline-template\n                        data-v-bind_key=\"generateRandomId()\"\n                        data-v-model='data.broj_soba'\n                        order_by='name'\n                        order='ASC'\n                        data-v-bind_callback_change='change'\n                        data-v-bind_items='data.attribute_items.broj_soba'\n                        data-v-bind_hide_empty='\"false\"'\n                        >        <div class=\"inventory-checkbox-filter drop-size-1\">\n            <div class=\"container\">\n                <div v-bind:class=\"{filter_enabled:!field_show['broj_soba']}\" class='drop-box-label'><div data-v-on_click=\"field_show['broj_soba'] = !field_show['broj_soba'] \" class='drop-box-label-item'>Broj soba<span class='mobile-filter-button'><\/span><\/div><\/div><div data-v-if=field_show['broj_soba'] class='inventory-filter-attr-drop'><div class='drop-box'>                <div class=\"stm-row\">\n                    <div class='homepress-checkbox stm-col-12 checkbox-inpit'\n                         data-v-for='(item, index) in list'>\n                        <label>\n                            <input data-v-on_change='updateValue' type='checkbox' data-v-bind_value='item.value'\n                                   data-v-model='value'>\n                            {{parser(item.name)}} <span> ({{typeof item.count === 'object' ? item.count[active_tab] : item.count}})<\/span>\n                            <span class=\"checkbox-frame\"><i class=\"fa fas fa-check\"><\/i><\/span>\n                        <\/label>\n                    <\/div>\n                <\/div>\n                <\/div><\/div>            <\/div>\n        <\/div>\n\n    <\/stm-field-checkbox>\n<\/div><\/div><div class='inventory-filter_attribute_box'><div class='inventory-filter_attribute'>    <stm-field-checkbox inline-template\n                        data-v-bind_key=\"generateRandomId()\"\n                        data-v-model='data.sustav_grijanja'\n                        order_by='name'\n                        order='ASC'\n                        data-v-bind_callback_change='change'\n                        data-v-bind_items='data.attribute_items.sustav_grijanja'\n                        data-v-bind_hide_empty='\"false\"'\n                        >        <div class=\"inventory-checkbox-filter drop-size-1\">\n            <div class=\"container\">\n                <div v-bind:class=\"{filter_enabled:!field_show['sustav_grijanja']}\" class='drop-box-label'><div data-v-on_click=\"field_show['sustav_grijanja'] = !field_show['sustav_grijanja'] \" class='drop-box-label-item'>Sustav grijanja<span class='mobile-filter-button'><\/span><\/div><\/div><div data-v-if=field_show['sustav_grijanja'] class='inventory-filter-attr-drop'><div class='drop-box'>                <div class=\"stm-row\">\n                    <div class='homepress-checkbox stm-col-12 checkbox-inpit'\n                         data-v-for='(item, index) in list'>\n                        <label>\n                            <input data-v-on_change='updateValue' type='checkbox' data-v-bind_value='item.value'\n                                   data-v-model='value'>\n                            {{parser(item.name)}} <span> ({{typeof item.count === 'object' ? item.count[active_tab] : item.count}})<\/span>\n                            <span class=\"checkbox-frame\"><i class=\"fa fas fa-check\"><\/i><\/span>\n                        <\/label>\n                    <\/div>\n                <\/div>\n                <\/div><\/div>            <\/div>\n        <\/div>\n\n    <\/stm-field-checkbox>\n<\/div><\/div><div class='inventory-filter_attribute_box'><div class='inventory-filter_attribute'>    <stm-field-range inline-template\n                     data-v-bind_key=\"generateRandomId()\"\n                     data-v-model='data.povrina_okucnice'\n                     data-v-bind_callback_change='change'\n                     prefix=''\n                     suffix='m\u00b2'\n                     min='0'\n                     max=''>\n        <div class=\"inventory-range-filter\">\n            <div class=\"container\">\n                <div v-bind:class=\"{filter_enabled:!field_show['povrina_okucnice']}\" class='drop-box-label'><div data-v-on_click=\"field_show['povrina_okucnice'] = !field_show['povrina_okucnice'] \" class='drop-box-label-item'>Povr\u0161ina oku\u0107nice (u m\u00b2)<span class='mobile-filter-button'><\/span><\/div><\/div><div data-v-if=field_show['povrina_okucnice'] class='inventory-filter-attr-drop'><div class='drop-box'>\n                <div class=\"filter-range-fields\">\n                    <input type=\"text\" data-v-model=\"from\" data-v-on_change=\"setValue(from+';'+to)\"\n                           data-v-on_keyup=\"setValue(from+';'+to)\">\n                    <input type=\"text\" data-v-model=\"to\" data-v-on_change=\"setValue(from+';'+to)\"\n                           data-v-on_keyup=\"setValue(from+';'+to)\">\n                <\/div>\n\n                <vue-range-slider data-v-bind_min=\"min\"\n                                  data-v-bind_max=\"max\"\n                                  data-v-bind_from=\"cloneFrom\"\n                                  data-v-bind_to=\"cloneTo\"\n                                  type=\"double\"\n                                  data-v-bind_prefix=\"prefix\"\n                                  data-v-bind_postfix=\"suffix\"\n                                  data-v-on_callback='updateValue'\n                                  data-v-bind_key=\"generateRandomId()\">\n                <\/vue-range-slider>\n\n                <\/div><\/div>            <\/div>\n        <\/div>\n    <\/stm-field-range>\n<\/div><\/div>\n\t\t\t\t\t\t<\/div>\n\t\t\t\t\t\t<div class=\"filter-reset-button\">\n\t\t\t\t\t\t\t<a class=\"homepress-button-outline-full\" href=\"https:\/\/www.hiss-nekretnine.hr\/pocetna\/najam-kuce\/\">Reset filter<\/a>\n\t\t\t\t\t\t<\/div>\n\t\t\t\t\t\t<div data-v-on_click=\"show_filter = !show_filter\" data-v-bind_class=\"{filter_close:show_filter}\" class=\"stm_mobile_filter_switcher\">\n\t\t\t\t\t\t\t<i class=\"fa fa-filter\"><\/i> <span class=\"text-results\">Get result<\/span> <span class=\"text-filter\">Filter<\/span>\n\t\t\t\t\t\t<\/div>\n\t\t\t\n\t\t\t\t\t<\/div>\n\t\t\t<\/stm-search-form-advanced><\/div><\/div><\/div>\n<\/div>\n<\/div>\n<\/div>\n<\/div>\n    <\/div>\n<\/div>    <\/div>\n\n","protected":false},"excerpt":{"rendered":"<p>Najam ku\u0107e {{item.label}} No Results Found Loading Lokacija First choose location Cijena mjese\u010dnog najma Stambena povr\u0161ina (u m\u00b2) Tip ku\u0107e {{parser(item.name)}} ({{typeof item.count === &#8216;object&#8217; ? item.count[active_tab] : item.count}}) Broj eta\u017ea {{parser(item.name)}} ({{typeof item.count === &#8216;object&#8217; ? item.count[active_tab] : item.count}}) Broj soba {{parser(item.name)}} ({{typeof item.count === &#8216;object&#8217; ? item.count[active_tab] : item.count}}) Sustav grijanja {{parser(item.name)}} ({{typeof [&hellip;]<\/p>\n","protected":false},"author":1,"featured_media":0,"parent":0,"menu_order":0,"comment_status":"closed","ping_status":"closed","template":"elementor_canvas","meta":{"om_disable_all_campaigns":false,"_monsterinsights_skip_tracking":false,"_monsterinsights_sitenote_active":false,"_monsterinsights_sitenote_note":"","_monsterinsights_sitenote_category":0,"_uf_show_specific_survey":0,"_uf_disable_surveys":false,"footnotes":""},"class_list":["post-9660","page","type-page","status-publish","hentry"],"aioseo_notices":[],"amp_enabled":false,"_links":{"self":[{"href":"https:\/\/www.hiss-nekretnine.hr\/pocetna\/wp-json\/wp\/v2\/pages\/9660","targetHints":{"allow":["GET"]}}],"collection":[{"href":"https:\/\/www.hiss-nekretnine.hr\/pocetna\/wp-json\/wp\/v2\/pages"}],"about":[{"href":"https:\/\/www.hiss-nekretnine.hr\/pocetna\/wp-json\/wp\/v2\/types\/page"}],"author":[{"embeddable":true,"href":"https:\/\/www.hiss-nekretnine.hr\/pocetna\/wp-json\/wp\/v2\/users\/1"}],"replies":[{"embeddable":true,"href":"https:\/\/www.hiss-nekretnine.hr\/pocetna\/wp-json\/wp\/v2\/comments?post=9660"}],"version-history":[{"count":4,"href":"https:\/\/www.hiss-nekretnine.hr\/pocetna\/wp-json\/wp\/v2\/pages\/9660\/revisions"}],"predecessor-version":[{"id":11191,"href":"https:\/\/www.hiss-nekretnine.hr\/pocetna\/wp-json\/wp\/v2\/pages\/9660\/revisions\/11191"}],"wp:attachment":[{"href":"https:\/\/www.hiss-nekretnine.hr\/pocetna\/wp-json\/wp\/v2\/media?parent=9660"}],"curies":[{"name":"wp","href":"https:\/\/api.w.org\/{rel}","templated":true}]}}